ne b(t).
-6
Suppose -3*d + 30 + 0 = 3*m, 2*d = 5*m - 22. Suppose n = 3*q - 8, n - m*n = -5*q. Let w(h) = 9 - 8 - 4*h + 5*h - q*h. Calculate w(-2).
7
Suppose 5 + 11 = 4*m. Suppose m*p - 10 - 6 = 0. Let z(q) = -q**2 + 5*q + 1. Determine z(p).
5
Let z = 13 + -3. Let y = 14 - z. Let s(d) = -d**2 + 5*d - 5. Determine s(y).
-1
Let s(q) be the second derivative of -q**3/6 - q**2 - 2*q. Suppose 5*w - 2*x + 10 = 38, 4*x + 8 = -2*w. Suppose 2*i - w = -0. Give s(i).
-4
Let c = -449/6 - -75. Let t(h) be the third derivative of 0 + 0*h - 1/12*h**5 - 3*h**2 - 1/12*h**4 + c*h**3. Give t(1).
-6
Let m(c) be the third derivative of 0 - 1/60*c**5 - 1/3*c**3 + 5/24*c**4 + 0*c + 6*c**2. What is m(5)?
-2
Let j(v) = v**3 + 4*v**2 - 4*v + 4. Let n be 4 - (0 + 0 - -1). Let o = -8 + n. Determine j(o).
-1
Let p(h) = -7*h + 16*h - 93 + 93. What is p(-1)?
-9
Suppose -3*k - 4 = -4*k. Let g(h) = -2*h. Calculate g(k).
-8
Suppose c = 2*q + 3*c - 4, 3*q - 5 = -4*c. Let w(r) = -2*r - 2. Let y(k) = k. Let m(j) = w(j) + 4*y(j). Determine m(q).
4
Let v(h) = 5*h**2 + 2*h + 1. Suppose 2*a - 9 = -a. Suppose -3*r - 2*g = 9, 2*r - 4*g = -a*r + 7. Give v(r).
4
Let y(s) be the second derivative of 7/6*s**3 - 2*s - 1/2*s**2 + 0 - 1/24*s**4 + 1/60*s**5. Let u(i) be the first derivative of y(i). Calculate u(0).
7
Let u(x) = -2*x**2 - x - 2. Let w = 1 - 0. Suppose 0*o + w = o - y, -5*o - 7 = -y. Calculate u(o).
-8
Let o(m) be the third derivative of 2/3*m**3 + 2*m**2 + 0*m + 1/60*m**5 + 0 - 1/8*m**4. Let b(k) = k - 1. Let h be b(5). What is o(h)?
8
Let l(f) = -f**2 + 9*f - 4. Let p be 7 + (-6 + 2)/4. Determine l(p).
14
Let h(m) = -3*m - 8. Let f(w) be the second derivative of -7*w**3/3 - 41*w**2/2 + 3*w. Let j(c) = -2*f(c) + 11*h(c). Determine j(-4).
14
Let w = 10 + -7. Let f(g) be the third derivative of -g**6/120 + g**5/15 - g**4/24 - g**3/2 + 8*g**2. Calculate f(w).
3
Let n be (-2 - -1) + (-2)/1. Let r(b) be the second derivative of 0 + 1/3*b**3 - 1/2*b**2 - 2*b. Give r(n).
-7
Let q(x) = 4*x**2 - 6*x - 3. Let v(r) = -7*r**2 + 11*r + 7. Let w(f) = -5*q(f) - 3*v(f). Let b be (-10)/(-4)*(5 + -3). Determine w(b).
4
Let j(z) = -z - 6. Let q(o) = 2*o + 11. Let y(f) = 13*j(f) + 6*q(f). Determine y(-10).
-2
Let a(f) = -f**3 + 7*f**2 + 4*f + 7. Let m(c) = -c**2 + c. Let u(g) = a(g) + 2*m(g). What is u(6)?
7
Let j = -45 + 39. Let z(w) = w - 1. Give z(j).
-7
Let p = 50 + -47. Let z(r) = -r**3 + 2*r**2 + r + 4. Calculate z(p).
-2
Let f(c) = -1 - c - 3 + 3. Suppose 5*h - 4*h = 5*k - 9, 20 = 5*k. Suppose -4*y + 2*y + 2*v = -2, 5*y - v + h = 0. Give f(y).
2
Let c(f) = -2*f**2 - 7 - 1 - f**3 + 4. What is c(-3)?
5
Let s(t) = -t**3 - t**2 - 8. Let x be s(0). Let h(j) = -j - 11. Calculate h(x).
-3
Suppose 10 = 5*w + 5*d - 30, 4 = -w + 3*d. Let q(b) = 0 - 3*b - b - 3 + b**2. Determine q(w).
2
Suppose -42 = -4*b - 2. Suppose 4*i + 2 = -b. Let o(g) = g**3 - 2*g**2 - g - 3. Let k(c) = c**3 - c**2 - 2*c - 2. Let x(p) = -3*k(p) + 2*o(p). Determine x(i).
6
Let l(b) = b**2 + b - 9. Suppose -18*k + 6*k = 0. Determine l(k).
-9
Let a(j) = -3*j**2 - 8*j - 4. Let r(o) = o**2 + o. Let d(g) = a(g) + 2*r(g). Let s be -1*3 - 2/1. Determine d(s).
1
Let z(i) = 3*i + 9. Suppose -2*k + 2*n = 26, 7 = k + 8*n - 5*n. Determine z(k).
-15
Let x(c) = c - 4*c - c**3 + 8*c**2 + 6*c - 7*c**2 - 1. What is x(3)?
-10
Suppose 5*y = -6 - 4. Let g(u) = -u**3 - 4*u**2 + 2. Calculate g(y).
-6
Suppose -5*q = 24 - 29. Let y(i) = -2*i**2 + 2*i + 2*i - 1 - 2*i. What is y(q)?
-1
Suppose 5*f = i + 20, -2*f + 3*i + 7 + 14 = 0. Let t(q) = -q**3 - 5*q**2 - 1 + 4*q + f*q**3 + 0*q**3 - q**3. Let g(w) = 2*w. Let k be g(2). What is t(k)?
-1
Let d = 4 - 2. Let u(x) = x**3 + 7*x - 5*x**2 + 6 + d*x**3 - 4*x**3. Let h be u(-6). Let n(v) = -v**2 - v. What is n(h)?
0
Suppose 5*u = -0*u + 10. Let b(p) be the first derivative of -3*p**2 + p - 2 + 2*p**2 + p**2 + p**2. Determine b(u).
5
Let x be (2/4)/((-2)/(-4)). Let c(f) = -2*f - 2 + x + 3. Let p(t) = -t**3 + 4*t**2 + 2. Let g be p(4). Determine c(g).
-2
Let i be (84/9)/(-4) - -3. Let b(s) be the first derivative of i*s**3 + 1 - s - 1/2*s**2. Give b(2).
5
Let v(i) = 2 + 0 - 10 + 7*i**2 - i**3 - 3*i. Give v(6).
10
Suppose 0*y = y - 2. Let l = y - 5. Let q(j) = j**2 + j - 4. Determine q(l).
2
Let x(j) = 0 - 2*j - 1 + 0*j. Suppose 0 = 3*v + 3*k - 3, -3*v + 5*v + 28 = 4*k. Give x(v).
7
Let m(v) be the third derivative of v**4/24 + 5*v**3/3 - 4*v**2. Let n(c) = -2*c - 19. Let k(r) = 11*m(r) + 6*n(r). Determine k(0).
-4
Let f be (-15)/3 - (4 + -3). Let w = 3 + 0. Let l(p) = -2*p**3 - p - 2 - p**w - 6*p**2 + 2*p**3. Give l(f).
4
Let l = -23 + 18. Let j(p) = p**2 + 6*p + 7. What is j(l)?
2
Let p(h) = 39*h - 39. Let w(s) = 8*s - 8. Let q(i) = -5*p(i) + 24*w(i). Let x(y) = y**3 + 13*y**2 + 3. Let u be x(-13). Calculate q(u).
-6
Let x(f) = -7*f + 10. Let n(d) = -11*d + 15. Let w(s) = 5*n(s) - 8*x(s). Let r be w(6). Let c(u) = 2 - u - 2 - 4*u**3 - r + 3*u**3. Calculate c(-2).
9
Let h(d) = d**2 - 6*d**2 + 2*d**2 - 3 - 4*d. Suppose -n - 4 = 4. Let u = -10 - n. Calculate h(u).
-7
Let q(v) = -v**2 + 10*v + 6. Let o(f) = f**2 - 9*f - 5. Let i = 4 - -2. Let w(b) = i*o(b) + 5*q(b). Let c be (-1)/(1/(3/(-1))). What is w(c)?
-3
Let t(g) = g + 5. Let l be (1/((-15)/18))/(6/20). Determine t(l).
1
Suppose 8*a + 15 = 5*a. Let b(z) = -z**3 + 1. Let h(c) = -5*c**3 - 5*c**2 - c + 2. Let l(t) = 4*b(t) - h(t). Give l(a).
-3
Let c(x) = -x**2 - x + 1. Let k be c(1). Let t(g) be the first derivative of -2*g**3/3 - g + 6. Determine t(k).
-3
Let x = -3 + 6. Let i(n) = -n**2 + 1. Let s(h) = -7*h**2 + h - 3. Let l(m) = x*i(m) + s(m). Calculate l(1).
-9
Let n(x) be the second derivative of -x**3/6 - x**2/2 + x. Suppose -27 - 24 = -17*z. Give n(z).
-4
Let v = 1 - -3. Let c(t) = -t - 3*t**2 + 2 - 5*t**3 + t + 2*t - 4*t. Let n(u) = 9*u**3 + 7*u**2 + 5*u - 5. Let d(a) = v*n(a) + 7*c(a). Give d(-6).
-6
Let u(h) be the third derivative of -h**5/60 + h**4/4 + 7*h**3/6 + 11*h**2. What is u(8)?
-9
Let s(d) be the second derivative of 2*d**3/3 - 2*d**2 + 36*d. What is s(4)?
12
Let v(o) = -o**2 + 5*o - 3. Let c be (-33)/(-6) - (-2)/(-4). What is v(c)?
-3
Suppose 5*t = 3*t + 4. Let f be (12 + 0)*(-3)/(-9). Let y(l) = f*l**t - 2*l**2 + 4 + 5*l - 3*l**2. Give y(5).
4
Let z(p) be the second derivative of -1/24*p**4 + p + 0 - 3/2*p**2 - 2/3*p**3. Let q(n) be the first derivative of z(n). What is q(3)?
-7
Let p = -116 - -116. Let t be (-1)/(-1) + 0 + 0. Let c(y) = 3*y + 1. Let u(a) = a - 1. Let q(o) = t*c(o) - 4*u(o). Determine q(p).
5
Let w(h) = -h - 1. Let l(i) = -2*i - 3. Let c(n) = -6*l(n) + 11*w(n). Give c(-6).
1
Let v = -14 + 6. Let d = v + 8. Let p(x) = x + 4. What is p(d)?
4
Suppose 18 = 6*f + 6. Let j(i) = i**2 - 35*i**3 + 1 - f*i - 2*i + 33*i**3 + 3*i. Give j(1).
-1
Let b(t) = -2*t + 2. Let n be ((-54)/(-15))/(((-3)/10)/(-1)). Let s be (0 + 0)/(-1) - -2. Suppose c + n = -4*l + 3*c, s*l - 5*c + 14 = 0. What is b(l)?
6
Suppose -f + 5*j = -0*f - 2, 5*j = 0. Suppose 0 = -f*n - 0*n + 10. Let t(s) = -4*s**3 - 3*s**2 - 2*s**2 - 6*s + 5*s**3 + s**2. Give t(n).
-5
Let v = -133 + 138. Let a(c) = -2*c + 7. Determine a(v).
-3
Let k = -1 + -4. Let j = -8 - k. Let i be (-3)/(9/12) - j. Let o(r) = 3*r**3 + r. Calculate o(i).
-4
Let x(f) = -f. Let k be x(6). Let d(q) = 2*q + 7. Calculate d(k).
-5
Let i(d) = d**3 - 5*d**2 - 6*d - 7. Let g(l) = -2*l + 34. Let f be g(14). Determine i(f).
-7
Let l(h) = -h**3 + 6*h**2 + 6*h + 6. Suppose 3 = -p - 2*i, -6*p + 4*i + 34 = -4*p. Determine l(p).
-1
Let c(i) = -i**3 + 3*i + 3. Let a(m) = -m**2 - 7*m. Let g be a(-7). Let d be g - (-2 - (-27)/3). Let w = d - -5. Determine c(w).
5
Let d = 12 - 16. Let g(s) = 5*s**2 + 3*s + s + s**3 + 0*s**3. Determine g(d).
0
Let r(w) be the second derivative of -w**5/20 - w**4/3 - 2*w**3/3 - 3*w**2 - 49*w. Calculate r(-4).
10
Suppose -3*g - 3*c = -12, 7*c - 3*c = -8. Suppose 0*p - 3*p + g = 0. Let t(f) = f**2 + p*f**3 - 2*f**2 + 2*f**3 - 3*f**3. Determine t(-1).
-2
Let d = 30 + -37. Let k(h) = h + 9. What is k(d)?
2
Let r(a) be the third derivative of -a**7/2520 - a**6/240 + a**5/60 - a**2. Let v(d) be the third derivative of r(d). Suppose 24 = -5*m + 4. Give v(m).
5
Let c(t) = -t**2 + 8*t + 4. Let p be c(8). Let m(v) = v**2 - 1. Give m(p).
15
Let p(b) = -b**2 - b - 1. Let q(g) = -9*g**2 - 4*g - 6. 